11
What is the remainder when 441 is divided by 153?
135
What is the remainder when 1057 is divided by 1038?
19
Calculate the remainder when 1249 is divided by 66.
61
Calculate the remainder when 184 is divided by 63.
58
What is the remainder when 2321 is divided by 23?
21
Calculate the remainder when 129 is divided by 35.
24
What is the remainder when 91 is divided by 26?
13
Calculate the remainder when 828 is divided by 5.
3
Calculate the remainder when 85 is divided by 25.
10
What is the remainder when 48895 is divided by 46?
43
Calculate the remainder when 163 is divided by 59.
45
Calculate the remainder when 546 is divided by 283.
263
What is the remainder when 92 is divided by 27?
11
Calculate the remainder when 23 is divided by 8.
7
What is the remainder when 1038 is divided by 80?
78
Calculate the remainder when 165 is divided by 14.
11
What is the remainder when 1584 is divided by 228?
216
Calculate the remainder when 69 is divided by 12.
9
Calculate the remainder when 1325 is divided by 111.
104
What is the remainder when 32361 is divided by 31?
28
What is the remainder when 60 is divided by 33?
27
Calculate the remainder when 21 is divided by 14.
7
What is the remainder when 1228 is divided by 82?
80
Calculate the remainder when 9898 is divided by 25.
23
What is the remainder when 10102 is divided by 24?
22
Calculate the remainder when 89 is divided by 20.
9
What is the remainder when 1538 is divided by 70?
68
What is the remainder when 56 is divided by 32?
24
What is the remainder when 38 is divided by 14?
10
What is the remainder when 1001 is divided by 337?
327
What is the remainder when 430 is divided by 4?
2
Calculate the remainder when 267 is divided by 38.
1
Calculate the remainder when 1230 is divided by 415.
400
Calculate the remainder when 245 is divided by 35.
0
What is the remainder when 146 is divided by 49?
48
What is the remainder when 140 is divided by 2?
0
What is the remainder when 16797 is divided by 112?
109
Calculate the remainder when 53 is divided by 33.
20
Calculate the remainder when 2761 is divided by 1374.
13
What is the remainder when 285 is divided by 72?
69
What is the remainder when 2135 is divided by 215?
200
Calculate the remainder when 168 is divided by 16.
8
Calculate the remainder when 184 is divided by 91.
2
What is the remainder when 37222 is divided by 7?
3
Calculate the remainder when 1246 is divided by 618.
10
What is the remainder when 856 is divided by 96?
88
Calculate the remainder when 4682 is divided by 246.
8
What is the remainder when 1336 is divided by 638?
60
What is the remainder when 2530 is divided by 51?
31
Calculate the remainder when 1161 is divided by 381.
18
Calculate the remainder when 3797 is divided by 100.
97
Calculate the remainder when 254 is divided by 32.
30
Calculate the remainder when 127 is divided by 42.
1
Calculate the remainder when 284 is divided by 32.
28
What is the remainder when 155 is divided by 39?
38
Calculate the remainder when 87 is divided by 58.
29
Calculate the remainder when 446 is divided by 9.
5
What is the remainder when 766 is divided by 24?
22
What is the remainder when 1820 is divided by 83?
77
Calculate the remainder when 2663 is divided by 13.
11
What is the remainder when 354 is divided by 36?
30
Calculate the remainder when 2111 is divided by 16.
15
Calculate the remainder when 180 is divided by 19.
9
Calculate the remainder when 596 is divided by 48.
20
What is the remainder when 8217 is divided by 137?
134
What is the remainder when 235 is divided by 225?
10
What is the remainder when 10975 is divided by 1827?
13
Calculate the remainder when 136 is divided by 24.
16
Calculate the remainder when 281 is divided by 12.
5
Calculate the remainder when 1158 is divided by 106.
98
Calculate the remainder when 106 is divided by 11.
7
What is the remainder when 145 is divided by 49?
47
Calculate the remainder when 180 is divided by 64.
52
What is the remainder when 54812 is divided by 121?
120
What is the remainder when 207 is divided by 52?
51
What is the remainder when 845 is divided by 151?
90
Calculate the remainder when 2448 is divided by 19.
16
What is the remainder when 157 is divided by 42?
31
Calculate the remainder when 1544 is divided by 255.
14
What is the remainder when 4914 is divided by 33?
30
Calculate the remainder when 1562 is divided by 387.
14
What is the remainder when 908 is divided by 13?
11
What is the remainder when 5070 is divided by 94?
88
Calculate the remainder when 406 is divided by 80.
6
Calculate the remainder when 75 is divided by 21.
12
What is the remainder when 1851 is divided by 109?
107
Calculate the remainder when 466 is divided by 36.
34
What is the remainder when 2399 is divided by 35?
19
What is the remainder when 546 is divided by 280?
266
What is the remainder when 1409 is divided by 17?
15
Calculate the remainder when 47 is divided by 12.
11
Calculate the remainder when 59 is divided by 31.
28
What is the remainder when 1189 is divided by 92?
85
What is the remainder when 415 is divided by 26?
25
What is the remainder when 250 is divided by 45?
25
Calculate the remainder when 10899 is divided by 10.
9
What is the remainder when 3335 is divided by 27?
14
What is the remainder when 28 is divided by 16?
12
Calculate the remainder when 128 is divided by 35.
23
What is the remainder when 195 is divided by 72?
51
What is the remainder when 287 is divided by 24?
23
Calculate the remainder when 3717 is divided by 22.
21
What is the remainder when 1666 is divided by 139?
137
What is the remainder when 172 is divided by 88?
84
What is the remainder when 1471 is divided by 92?
91
What is the remainder when 346 is divided by 122?
102
What is the remainder when 225 is divided by 59?
48
What is the remainder when 11853 is divided by 19?
16
What is the remainder when 906 is divided by 76?
70
Calculate the remainder when 3733 is divided by 14.
9
What is the remainder when 878 is divided by 8?
6
What is the remainder when 15389 is divided by 9?
8
What is the remainder when 10 is divided by 10?
0
What is the remainder when 64 is divided by 26?
12
Calculate the remainder when 486 is divided by 70.
66
Calculate the remainder when 15335 is divided by 216.
215
Calculate the remainder when 1338 is divided by 149.
146
What is the remainder when 27 is divided by 20?
7
What is the remainder when 194 is divided by 30?
14
Calculate the remainder when 1489 is divided by 83.
78
Calculate the remainder when 274 is divided by 28.
22
Calculate the remainder when 607 is divided by 25.
7
What is the remainder when 1010 is divided by 100?
10
Calculate the remainder when 314 is divided by 98.
20
Calculate the remainder when 119 is divided by 31.
26
What is the remainder when 1039 is divided by 148?
3
Calculate the remainder when 27 is divided by 16.
11
What is the remainder when 6958 is divided by 33?
28
Calculate the remainder when 679 is divided by 40.
39
Calculate the remainder when 201 is divided by 40.
1
Calculate the remainder when 623 is divided by 47.
12
What is the remainder when 496 is divided by 241?
14
Calculate the remainder when 52 is divided by 9.
7
Calculate the remainder when 402 is divided by 138.
126
Calculate the remainder when 1648 is divided by 55.
53
Calculate the remainder when 2749 is divided by 214.
181
What is the remainder when 4221 is divided by 22?
19
Calculate the remainder when 4855 is divided by 43.
39
What is the remainder when 387 is divided by 381?
6
What is the remainder when 855 is divided by 425?
5
What is the remainder when 699 is divided by 16?
11
Calculate the remainder when 500 is divided by 149.
53
Calculate the remainder when 177 is divided by 6.
3
Calculate the remainder when 63 is divided by 13.
11
Calculate the remainder when 33 is divided by 5.
3
What is the remainder when 96 is divided by 13?
5
What is the remainder when 468 is divided by 119?
111
Calculate the remainder when 8232 is divided by 29.
25
What is the remainder when 611 is divided by 34?
33
What is the remainder when 800 is divided by 22?
8
Calculate the remainder when 637 is divided by 204.
25
Calculate the remainder when 16 is divided by 5.
1
What is the remainder when 2669 is divided by 16?
13
Calculate the remainder wh